factor of d and 255.
15
Let m be ((-86)/7 - -2)*(-224)/6. Calculate the greatest common factor of m and 12.
12
Suppose 47*z - 54 = 41*z. Calculate the greatest common factor of z and 243.
9
Let a be (-44)/(-242) + 7740/22. What is the greatest common factor of 11 and a?
11
Let n be ((-25)/(-2))/(420/336). Calculate the greatest common divisor of 55 and n.
5
Suppose -8*p = -12*p + 120. Suppose 3*g + 0*g - p = 0. Suppose -3*k + 30 = -0*k. What is the greatest common divisor of k and g?
10
Let b(g) = -7*g + 9. Let c be b(-6). Suppose -c = -2*f - 3*d, f = -0*f + 2*d + 29. What is the greatest common divisor of 45 and f?
9
Let v be 6*1/2 + -1. Suppose -3*f = -v*k + 44, -3*f + 4*f + 98 = 4*k. What is the greatest common factor of 15 and k?
5
Suppose -7*y + 181 + 260 = 0. Calculate the greatest common factor of y and 9.
9
Suppose 1848 = 3*f + 4*f. Suppose 4*w - w - f = 0. What is the greatest common divisor of w and 11?
11
Let q be (-6)/4*(-32)/3. Let c(u) = 6*u - 50. Let t be c(15). Calculate the greatest common factor of q and t.
8
Suppose -4*x = -7*x - 3. Let f = 7 - x. Let c be 4/f + (-30)/(-4). What is the highest common divisor of c and 4?
4
Let o = 1642 - 1172. What is the greatest common divisor of 10 and o?
10
Suppose 26*p = 17*p + 369. What is the highest common factor of p and 164?
41
Let g = 48 + -45. Suppose -7*o = -10*o + g. What is the highest common divisor of o and 15?
1
Let h = 177 - -98. What is the highest common divisor of 25 and h?
25
Suppose 4*x - 7 = -z - 0*z, -4 = -4*x. Suppose -2*r + 2 = -16. Calculate the highest common divisor of r and z.
3
Suppose -2*h + 132 + 204 = 3*c, 0 = -h + 3*c + 177. Let u = -936 - -955. Calculate the greatest common factor of u and h.
19
Let f(h) = -h**3 + 8*h**2 - 7*h. Suppose -r = 2*x - 16, 0 = 5*r + 3*x + 2*x - 55. Let a be f(r). What is the highest common factor of 120 and a?
30
Let o be ((-126)/(-12))/((-1)/(-26)). Calculate the greatest common divisor of 78 and o.
39
Let t(u) = -4*u**2 + 8*u - 9. Let q(b) = 1. Let h(d) = 3*q(d) - t(d). Let f be h(5). Calculate the greatest common factor of 8 and f.
8
Suppose n - 5*n = 2*j - 18, 3*n - 19 = 4*j. What is the highest common divisor of n and 1?
1
Let r(b) = -b**3 + 8*b**2 + 3*b - 10. Let y be r(8). Let x be (3 + -3 + 9)*61. Suppose -x - 221 = -5*o. Calculate the highest common factor of o and y.
14
Suppose -5*m - 2*m + 14 = 0. Let d(q) = 3*q - 3. Let k be d(m). Suppose 79 = f + k*g, g - 4*g + 9 = 0. Calculate the highest common factor of f and 14.
14
Let o = -10 + 7. Let u = 1 - o. What is the highest common divisor of u and 8?
4
Suppose 90 = 4*q - 3*q. Suppose -3*g - 5*p + 45 = -5, 0 = -5*g - 5*p + q. Let b be ((-36)/15)/((-12)/40). Calculate the greatest common factor of b and g.
4
Let b be 1/2*4*15/6. Suppose -3*s - b*z = -16, 0*s - 20 = -3*s - 4*z. What is the greatest common factor of s and 192?
12
Let g be (-1914)/55*(-10)/3. What is the highest common factor of 29 and g?
29
Let h be (-6748)/(-224) - (-1)/(-8). What is the greatest common factor of 240 and h?
30
Suppose -78*a = -79*a + 9. Calculate the highest common factor of 63 and a.
9
Let o be (-34)/3*(-12 - 36). Calculate the greatest common divisor of 68 and o.
68
Suppose -3*o - x + 103 = 0, 3*o - x = 4*x + 133. What is the highest common divisor of 324 and o?
36
Suppose 5*v + 4*s = -0*s + 1, 4*v = s - 16. Let y be (1 + v)*(-168)/7. What is the highest common factor of y and 12?
12
Suppose 0 = 4*u + 32*u - 72. Calculate the highest common factor of u and 23.
1
Let h(k) = 8*k**2 - 19*k - 38. Let f be h(-3). What is the highest common divisor of f and 26?
13
Let y be 20/(-30) - (2 + (-2)/(-6)). Let x(j) = 4*j**2 + 5*j + 7. Let h be x(y). What is the highest common divisor of h and 7?
7
Suppose -2*u + 116 = 3*c + 2*u, c - 28 = -4*u. What is the greatest common divisor of 1606 and c?
22
Let j = 720 + -719. What is the highest common divisor of 7 and j?
1
Suppose 13*b = 351 + 351. What is the highest common factor of b and 6?
6
Let w be -1 + 22*(-1)/(-2). Let t be -2 + 3 + -1 - 243. Let h = -143 - t. What is the highest common factor of h and w?
10
Let a = -22 + 19. Let d be a + 6 - (-36)/2. Let j be 7*14/(-4)*-6. What is the highest common divisor of j and d?
21
Let r(z) = z**2 - 20*z + 133. Let o be r(11). Calculate the greatest common divisor of 425 and o.
17
Let s = -305 - -432. Let i = s + -91. What is the highest common divisor of 396 and i?
36
Let i(b) = b**2 + 2*b + 2. Let q be 2/14 - (-29)/(-7). Let d be i(q). Suppose -4 = 8*f - d*f. What is the highest common divisor of 22 and f?
2
Let l be 18 - (0 - (-6 + 0)). Calculate the greatest common divisor of l and 324.
12
Suppose 0 = y - 2*x - 12 - 5, 5*x = -y + 52. Suppose y*u = 25*u + 16. What is the greatest common divisor of 8 and u?
8
Let t(c) = -1 + 8*c - 7*c - 2*c - 3. Let q be t(-6). Suppose -5*g - 168 = -2*x, 2*x - x + q*g = 84. Calculate the highest common divisor of x and 28.
28
Suppose 12 = 2*a + a - 5*l, 2*a + 3*l = 8. Suppose 0 = 3*c + 5*g - a*g - 459, 4*c - 612 = 5*g. Calculate the highest common divisor of c and 51.
51
Suppose 7*z + 20*z - 11664 = 0. Calculate the greatest common factor of z and 12.
12
Let k = 3 + -3. Suppose k = i - 11. Calculate the greatest common factor of 22 and i.
11
Let h be (33/6 - 5)/((-3)/(-66)). Calculate the greatest common divisor of 341 and h.
11
Let i be (-1444)/(-16) + 6 + (-1)/4. What is the greatest common divisor of i and 24?
24
Let x(n) = n**3 - 19*n**2 + 26*n - 59. Let o be x(18). Calculate the greatest common divisor of 10 and o.
5
Let f = -30 - -42. Let n be (-19 + (-820)/(-40))*-3*104/(-3). Calculate the greatest common factor of f and n.
12
Let s(r) = 9*r - 108. Let t be s(23). Calculate the greatest common divisor of t and 9.
9
Let a(i) = 2 - 7*i + 9*i**2 + 17*i**2 - 24*i**2 - 6*i. Let h be a(8). Let m be (-80)/(-6) - (-1)/(-3). Calculate the highest common divisor of m and h.
13
Suppose 0 = t - 49 - 26. What is the highest common divisor of t and 60?
15
Let f be -4 - (-24)/4 - -68. What is the greatest common factor of 49 and f?
7
Let g = -169 - -241. Let t = -24 - -40. Calculate the highest common divisor of t and g.
8
Suppose -9*q + 21*q = 180. Calculate the highest common factor of 25 and q.
5
Suppose 16 = -3*h - 20. Let g be 593 - (-3)/(h/(-8)). Suppose 295 = a - c - c, -2*a = c - g. What is the greatest common factor of 27 and a?
27
Let p be (-1)/(-7) - 22729/(-49). Suppose 0 = 4*k - 4*c - p, 5*c - 2*c + 3 = 0. What is the greatest common divisor of 23 and k?
23
Suppose 4*q = -4*j + 2*q + 42, 6 = 2*j - 2*q. Let s = j - 4. Let h = 3938 + -3932. Calculate the highest common divisor of h and s.
2
Let d be (1/(-3))/(13/39)*-17. Let x(s) = 5*s**2 - 6. Let m(k) = k**2 - 6*k. Let p be m(5). Let a be x(p). Calculate the highest common factor of d and a.
17
Let k = 151 + -6. Let o = k + -90. Let s be (2*22/6)/(4/6). Calculate the highest common factor of o and s.
11
Suppose 13*z - 14*z = -5*l - 102, 0 = -z + l + 114. What is the greatest common divisor of z and 39?
39
Let i be (((-160)/15)/(-4))/(3/9). Let g be (32/10)/(2 + (-512)/260). Calculate the greatest common divisor of g and i.
8
Let l(w) = -13*w - 6. Let o be l(-2). Suppose -2*c - o = -6*c. Suppose -58 - 12 = -c*y. What is the greatest common divisor of 154 and y?
14
Let o(y) = 2*y**2 + y - 6. Let k be (-48)/(-6) - 3*-1. Let p = 17 - k. Let n be o(p). Calculate the greatest common divisor of n and 18.
18
Suppose d - i - 322 = 0, -4*i + 60 + 1212 = 4*d. Calculate the highest common divisor of 40 and d.
40
Let p be (4 - 8)*12/(-8). Suppose -5*y + 87 = 4*w, -3*w + 0 = -y + p. Calculate the highest common factor of 5 and y.
5
Let u be (-6)/39 - 4592/(-104). Calculate the highest common factor of 275 and u.
11
Suppose -146 = 15*t - 371. Suppose 0 = -5*j + 11 + 14. Calculate the greatest common divisor of j and t.
5
Let f be (4/5)/((92/(-120))/(-23)). Calculate the greatest common divisor of f and 888.
24
Suppose -15*p + 22*p = 7. What is the greatest common factor of p and 4?
1
Let j be 25 + (-20)/2 + 9. Calculate the highest common divisor of 1176 and j.
24
Let h be (-12)/78 - (-3 + 1830/(-65)). What is the greatest common factor of 93 and h?
31
Suppose 2*p - p - 5 = 0, -3*i - 4 = -2*p. Suppose u = 4 + i. What is the high